{"id":80,"date":"2023-08-01T14:18:18","date_gmt":"2023-08-01T19:18:18","guid":{"rendered":"https:\/\/www.elmirador.edu.co\/?page_id=80"},"modified":"2023-08-01T14:18:18","modified_gmt":"2023-08-01T19:18:18","slug":"mision-y-vision","status":"publish","type":"page","link":"https:\/\/www.elmirador.edu.co\/index.php\/mision-y-vision\/","title":{"rendered":"Misi\u00f3n y Visi\u00f3n"},"content":{"rendered":"\n<h2 class=\"wp-block-heading\">MISI\u00d3N<\/h2>\n\n\n\n<p>La Instituci\u00f3n Educativa El Mirador, ubicada en la comuna 7 de la ciudad de Popay\u00e1n, de car\u00e1cter oficial, modalidad acad\u00e9mica y articulada con el SENA, contribuye con la formaci\u00f3n de ni\u00f1os, j\u00f3venes y adultos, a trav\u00e9s de la construcci\u00f3n de su proyecto de vida y de una educaci\u00f3n de calidad fundamentada en principios y valores para que sean ciudadanos competentes y comprometidos con el desarrollo social.<\/p>\n\n\n\n<h2 class=\"wp-block-heading\">VISI\u00d3N<\/h2>\n\n\n\n<p>La Instituci\u00f3n Educativa El Mirador en el a\u00f1o 2.023, ser\u00e1 reconocida por sus procesos de calidad acad\u00e9mica, humana y por la vivencia de los valores integrados en los principios institucionales: responsabilidad social, excelencia acad\u00e9mica, comunicaci\u00f3n asertiva, formaci\u00f3n integral, liderazgo y trabajo en equipo que fortalecer\u00e1n la construcci\u00f3n del proyecto de vida, para la formaci\u00f3n de ciudadanos conscientes de la realidad social y comprometidos con el desarrollo comunitario.<\/p>\n","protected":false},"excerpt":{"rendered":"<p>MISI\u00d3N La Instituci\u00f3n Educativa El Mirador, ubicada en la comuna 7 de la ciudad de Popay\u00e1n, de car\u00e1cter oficial, modalidad acad\u00e9mica y articulada con el SENA, contribuye con la formaci\u00f3n de ni\u00f1os, j\u00f3venes y adultos, a trav\u00e9s de la construcci\u00f3n de su proyecto de vida y de una educaci\u00f3n de calidad fundamentada en principios y&#8230;<\/p>\n","protected":false},"author":1,"featured_media":0,"parent":0,"menu_order":0,"comment_status":"closed","ping_status":"closed","template":"","meta":[],"_links":{"self":[{"href":"https:\/\/www.elmirador.edu.co\/index.php\/wp-json\/wp\/v2\/pages\/80"}],"collection":[{"href":"https:\/\/www.elmirador.edu.co\/index.php\/wp-json\/wp\/v2\/pages"}],"about":[{"href":"https:\/\/www.elmirador.edu.co\/index.php\/wp-json\/wp\/v2\/types\/page"}],"author":[{"embeddable":true,"href":"https:\/\/www.elmirador.edu.co\/index.php\/wp-json\/wp\/v2\/users\/1"}],"replies":[{"embeddable":true,"href":"https:\/\/www.elmirador.edu.co\/index.php\/wp-json\/wp\/v2\/comments?post=80"}],"version-history":[{"count":1,"href":"https:\/\/www.elmirador.edu.co\/index.php\/wp-json\/wp\/v2\/pages\/80\/revisions"}],"predecessor-version":[{"id":81,"href":"https:\/\/www.elmirador.edu.co\/index.php\/wp-json\/wp\/v2\/pages\/80\/revisions\/81"}],"wp:attachment":[{"href":"https:\/\/www.elmirador.edu.co\/index.php\/wp-json\/wp\/v2\/media?parent=80"}],"curies":[{"name":"wp","href":"https:\/\/api.w.org\/{rel}","templated":true}]}}