{"id":99,"date":"2023-08-01T14:52:34","date_gmt":"2023-08-01T19:52:34","guid":{"rendered":"https:\/\/www.elmirador.edu.co\/?page_id=99"},"modified":"2023-08-01T14:52:34","modified_gmt":"2023-08-01T19:52:34","slug":"responsabilidades-padres-de-familia","status":"publish","type":"page","link":"https:\/\/www.elmirador.edu.co\/index.php\/responsabilidades-padres-de-familia\/","title":{"rendered":"Responsabilidades Padres de Familia"},"content":{"rendered":"\n<ol>\n<li>Proveer a sus hijos espacios y ambientes en el hogar, que generen confianza, ternura, cuidado y protecci\u00f3n de s\u00ed y de su entorno f\u00edsico, social y ambiental.<\/li>\n\n\n\n<li>Participar en la formulaci\u00f3n, planeaci\u00f3n y desarrollo de estrategias que promuevan la convivencia escolar, los derechos humanos, sexuales y reproductivos, la participaci\u00f3n y la democracia, y el fomento de estilos de vida saludable.<\/li>\n\n\n\n<li>Acompa\u00f1ar de forma permanente y activa a sus hijos en el proceso pedag\u00f3gico que adelante el establecimiento educativo para la convivencia y la sexualidad.<\/li>\n\n\n\n<li>Participar en la revisi\u00f3n y ajuste del manual de convivencia a trav\u00e9s de las instancias de participaci\u00f3n definidas en el proyecto educativo institucional del establecimiento educativo.<\/li>\n\n\n\n<li>Asumir responsabilidades en actividades para el aprovechamiento del tiempo libre de sus hijos y para el desarrollo de competencias ciudadanas.<\/li>\n\n\n\n<li>Cumplir con las condiciones y obligaciones establecidas en el manual de convivencia y responder cuando su hijo incumple alguna de las normas all\u00ed definidas.<\/li>\n\n\n\n<li>Conocer y seguir la Ruta de Atenci\u00f3n Integral cuando se presente un caso de violencia escolar, acoso escolar, la vulneraci\u00f3n de los derechos sexuales y reproductivos o una situaci\u00f3n que lo amerite, de acuerdo con las instrucciones impartidas en el manual de convivencia. &nbsp;&nbsp;&nbsp;&nbsp;&nbsp;&nbsp;&nbsp;&nbsp;&nbsp;&nbsp;&nbsp;&nbsp;&nbsp;&nbsp;&nbsp;&nbsp;&nbsp;<\/li>\n\n\n\n<li>Utilizar los mecanismos legales existentes y los establecidos en la Ruta de Atenci\u00f3n Integral a que se refiere la ley 1620 de 2013 y el manual de convivencia, para restituir los derechos de sus hijos cuando \u00e9stos sean agredidos.<\/li>\n\n\n\n<li>Propender por el buen trato a los docentes, estudiantes, directivos y personal que labora en la instituci\u00f3n cuando se trate de establecer un contacto o comunicaci\u00f3n que implique una relaci\u00f3n interpersonal, el maltrato verbal o el escarnio p\u00fablico de un padre de familia, ser\u00e1 tipificado como una conducta asociada al ACOSO ESCOLAR &#8211; CIBERACOSO.<\/li>\n\n\n\n<li>Cuidar la imagen corporativa de la instituci\u00f3n educativa cuando se hagan comentarios, evitar el escarnio p\u00fablico, la difamaci\u00f3n por no conformidades o frases desobligantes y mal intencionadas que ser\u00e1n tipificadas como conductas asociadas al ACOSO ESCOLAR &#8211; CIBERACOSO.<\/li>\n<\/ol>\n","protected":false},"excerpt":{"rendered":"","protected":false},"author":1,"featured_media":0,"parent":0,"menu_order":0,"comment_status":"closed","ping_status":"closed","template":"","meta":[],"_links":{"self":[{"href":"https:\/\/www.elmirador.edu.co\/index.php\/wp-json\/wp\/v2\/pages\/99"}],"collection":[{"href":"https:\/\/www.elmirador.edu.co\/index.php\/wp-json\/wp\/v2\/pages"}],"about":[{"href":"https:\/\/www.elmirador.edu.co\/index.php\/wp-json\/wp\/v2\/types\/page"}],"author":[{"embeddable":true,"href":"https:\/\/www.elmirador.edu.co\/index.php\/wp-json\/wp\/v2\/users\/1"}],"replies":[{"embeddable":true,"href":"https:\/\/www.elmirador.edu.co\/index.php\/wp-json\/wp\/v2\/comments?post=99"}],"version-history":[{"count":1,"href":"https:\/\/www.elmirador.edu.co\/index.php\/wp-json\/wp\/v2\/pages\/99\/revisions"}],"predecessor-version":[{"id":100,"href":"https:\/\/www.elmirador.edu.co\/index.php\/wp-json\/wp\/v2\/pages\/99\/revisions\/100"}],"wp:attachment":[{"href":"https:\/\/www.elmirador.edu.co\/index.php\/wp-json\/wp\/v2\/media?parent=99"}],"curies":[{"name":"wp","href":"https:\/\/api.w.org\/{rel}","templated":true}]}}